1
Suppose -481 - 2529 = -7*z. What are the prime factors of z?
2, 5, 43
Let y(b) = -7*b**3 + 3*b**2 - b - 3. Let t be (-6)/4*20/15. What are the prime factors of y(t)?
67
Let v be ((-1)/3*2)/((-5)/15). Suppose p = 4, -v*f + 5*f = 2*p + 202. What are the prime factors of f?
2, 5, 7
Suppose -b - 4*b = 45. Let j be -2 + 0 - (6 + b). Let m(w) = 69*w**3 + w**2 - w - 1. List the prime factors of m(j).
2, 17
Let h(p) = p**3 - 7*p**2 - 19*p + 15. Let x be h(9). Suppose -x*z + 195 = -5*z. List the prime factors of z.
3, 5, 13
Let u(q) = -q + 1. Let b be u(-6). Let k = -4 + b. Suppose 4*g - 5*z - 50 = -0*z, -k*g + 5*z = -35. What are the prime factors of g?
3, 5
Suppose 2*a = -4*f + 2152, 0 = 2*f - 0*a + 5*a - 1060. Suppose m + 5*m - f = 0. List the prime factors of m.
2, 3, 5
Let t(l) = l - 6. Let u be t(11). Suppose -u*x = -3*z - x + 208, 2*x - 338 = -5*z. List the prime factors of z.
2, 17
Suppose 2*s - 13 = 3. Suppose 0 = s*r - 368 + 24. What are the prime factors of r?
43
What are the prime factors of (-435)/4*-5 - (-1)/4?
2, 17
Let q(i) be the first derivative of i**3/3 + 9*i**2/2 + 15*i - 10. What are the prime factors of q(-11)?
37
Suppose -11 = -y - l, 4*l + 6 = 2*y + 14. What are the prime factors of 48/36 - (-316)/y?
2, 3
Let q(v) = -v**3 - 25*v**2 - 49*v - 30. What are the prime factors of q(-24)?
2, 3, 5, 19
Let j be -6*1/4*-780. Suppose 5*q + 2*w = j, -w = 2*w - 15. List the prime factors of q.
2, 29
Suppose g - 5*b - 4032 = 0, 5*b = -0*b + 5. What are the prime factors of g?
11, 367
Suppose -4197 = -3*n + 3*u, 4*n - u + 2*u - 5591 = 0. What are the prime factors of n?
2, 3, 233
List the prime factors of (-10 + 64)*262/4.
3, 131
Suppose 13*t = 4*t + 6399. What are the prime factors of t?
3, 79
Let w(c) = -2*c**3 - c**2 + 3*c - 2. Let p = 1 - 4. What are the prime factors of w(p)?
2, 17
Let r = -8 - -17. Suppose 3*t = -96 - r. What are the prime factors of -1 + 0/3 - t?
2, 17
Suppose 16 = 3*q + 4*y, 9 = -q + 3*q + y. Suppose 3*t - q*u + 2 = 0, 5*t - u = t + 6. Suppose -36 = t*v - 4*v. What are the prime factors of v?
2, 3
Suppose 2*s - 2098 = -2*m, 4*s + 1 = -11. What are the prime factors of m?
2, 263
Suppose 6 = -2*w + 16. Suppose -p = w*d - 684, -p - 4*p = 5. List the prime factors of d.
137
Let k(x) = -2*x**3 - 19*x**2 + 6*x + 5. What are the prime factors of k(-11)?
2, 151
Suppose 0 = 2*n - 3*h - 1060, -2*n + 5*h + 488 + 580 = 0. List the prime factors of n.
2, 131
Let f be (-1)/(-4) - 14/(-8). Suppose 0 = -0*o + 3*o - 2*d - 8, -5*d + 30 = 5*o. Suppose -o*p + f*p = -34. List the prime factors of p.
17
Let t be (-121)/(-33) + (-4)/6. Suppose -38 + 4 = 3*h - 2*f, -t*h - 32 = -f. Let i(d) = d**2 + 8*d - 13. List the prime factors of i(h).
7
Let j(u) = -u**3 - 4*u**2 + 19*u - 18. Let p(t) = 7*t + 33. Let g be p(-6). What are the prime factors of j(g)?
2, 3
Suppose -5*v = -10559 - 2276. What are the prime factors of v?
17, 151
Let u(l) = -2*l + 15. Let q(i) = -i + 16. Let x be q(6). Let k be u(x). Let m = k + 7. What are the prime factors of m?
2
Suppose -45057 = -4*u - 19*u. What are the prime factors of u?
3, 653
Suppose -46 = -6*f + 770. What are the prime factors of (f/5)/((-1)/(-5))?
2, 17
Suppose -10*v = -1236 - 1374. List the prime factors of v.
3, 29
Let h(z) = -2*z**3 + 31*z**2 + 17*z - 13. Let q be h(16). Suppose 4*v - 665 = p, -q*p + p - 2 = 0. What are the prime factors of v?
2, 83
Let n(u) = -4*u**2 + 3*u - 2. Let o(f) = f**2. Let z(k) = n(k) + 5*o(k). Let m be (4/8)/((-1)/(-2 + -2)). What are the prime factors of z(m)?
2
Suppose 4*i = -0*i + i. Suppose 0 = -5*k - 4*x + 167, i*k - 5*x - 150 = -4*k. What are the prime factors of k?
5, 7
Let f = 4158 + -1933. What are the prime factors of f?
5, 89
Let q(x) be the first derivative of -9*x - 5*x**2 - 1/4*x**4 - 3 - 7/3*x**3. List the prime factors of q(-6).
3, 5
Let p = -20 - -16. Let w be 4 - (p + 9 + -3). Suppose 2*z - w*i - 101 = -i, z + 5*i - 56 = 0. List the prime factors of z.
3, 17
Suppose z - 4*l + l = -10, z - 11 = -4*l. Let d(g) = -12*g**3 - g**2. What are the prime factors of d(z)?
11
Let r = -8 + 10. Suppose r*a = 2*l - 0*l, -5*l - 30 = 5*a. List the prime factors of 3*44/6 - l.
5
Let j(s) = -89*s**3 - 18*s**2 + 2*s + 11*s**2 + 3 + 5*s**2. List the prime factors of j(-1).
2, 11
List the prime factors of 10/(80/(-56))*4344/(-14).
2, 3, 181
Suppose -8*a = -11*a - 249. Suppose -3*r + 5*f = 352, 0 = 5*f - 1 + 21. Let d = a - r. List the prime factors of d.
41
Suppose -3*x + 643 = 5*n, -5*x + 6*n + 1078 = 8*n. List the prime factors of x.
2, 3
Let a be ((-4)/(12/9))/(-1). Suppose 0 = -a*u + 51 - 3. List the prime factors of ((-14)/8 + 3)*u.
2, 5
Let v be 0 - (-2 + 3 - 4). Suppose -3*r + 18 - v = 0. Suppose 5*b = 5*g - 0*g - 185, 0 = r*g + b - 173. List the prime factors of g.
5, 7
Let r be (-15)/(-2 - 1)*-1. Let m(i) = i**2 + 7*i + 12. Let q be m(r). What are the prime factors of 2 + -3 + q + 21?
2, 11
Let d = 15 + -11. Suppose -3*n + d = -n. Suppose k - n*v = 5*k - 134, k - 47 = -5*v. What are the prime factors of k?
2
Let f = -1706 - -3200. List the prime factors of f.
2, 3, 83
Let i be 2*3/12*74. Suppose 3*t + 0*q - i = -5*q, 0 = -4*t - 4*q + 36. Suppose 0 = 3*k + t*g - 182, 66 = -k + 2*k + 4*g. List the prime factors of k.
2, 29
Let z = 30 - 29. List the prime factors of 9 - -20 - (-4)/z.
3, 11
Suppose -10*s + 234 = m - 13*s, -s + 662 = 3*m. What are the prime factors of m?
2, 3, 37
Suppose -68 = 4*r - 0*r. Let a = -8 - -15. List the prime factors of (-1 - r) + (a - 5).
2, 3
What are the prime factors of 297 + (24/(-4) - 1)?
2, 5, 29
Let v(d) be the second derivative of 15*d**3 + d**2 + 36*d. List the prime factors of v(2).
2, 7, 13
Let w(b) = -b + 1. Let a(l) = -l**2 + 3*l - 3. Let r(d) = a(d) + 3*w(d). Let p be r(-1). List the prime factors of (p + 17)/(1/1).
2
Let k(x) = 20*x**2 + 23*x + 119. List the prime factors of k(-8).
3, 5
Suppose 3*d - 4*q - 499 = -2*d, 0 = -4*d - 3*q + 424. Let r = -3 + 8. Suppose 0 = r*l + 23 - d. List the prime factors of l.
2
Suppose -4*m = -3*n + 9085, -3*n + 12286 = 4*m + 3209. List the prime factors of n.
3, 1009
List the prime factors of 1361 + (2/8)/((-4)/32).
3, 151
Let r(d) = -d**2 - 14*d + 272. What are the prime factors of r(0)?
2, 17
Let w be 4/18 + 25/9. Let c(z) = z**3 + 3*z**2 - 3*z + 8. Let u be c(-4). Suppose -u*s = -y - 36, -s - w*y + 36 = 3*s. List the prime factors of s.
3
Let s(y) = 4*y + 25. Let r be s(-5). Suppose 0 = r*d + 10, 268 = 5*b - d - 54. List the prime factors of b.
2
Suppose -7379*z + 7388*z - 36306 = 0. List the prime factors of z.
2, 2017
Suppose 4*a + 2 = 5*p, 0 = -a - 2*p + 3 + 3. Suppose 6 = 2*n - 0*d + 2*d, a*d - 18 = -5*n. Suppose 97 = n*x - 15. What are the prime factors of x?
2, 7
Let f(k) = -36*k + 3. Let q be f(-1). Let y = q + 9. What are the prime factors of y?
2, 3
Let w = -327 + 181. Let c = 91 + w. Let x = -30 - c. What are the prime factors of x?
5
Let q(y) = y**3 - y**2 - 2*y + 106. Let m be (-4 - -4)/(-3 + 4). List the prime factors of q(m).
2, 53
List the prime factors of ((-12258)/135)/((-2)/10).
2, 227
Let x = -1395 + 1562. List the prime factors of x.
167
Suppose 5*q - 96 = 4*s, -q - 2*s + s + 21 = 0. Let y be 12/5 + (-8)/q. Suppose -y*k = 6 - 54. List the prime factors of k.
2, 3
Let t(z) = 5*z - 1. Let k be t(2). Let p be -2*(-43*2/4)/1. Let d = p - k. List the prime factors of d.
2, 17
Let y = 9 - 17. Let c(v) = v**2 + 9*v + 5. Let x be c(y). List the prime factors of (-12)/8*88/x.
2, 11
Let b(h) = -13*h - 4. Let z(y) = -2*y + 11. Let l be z(7). Let g be b(l). Suppose -4*m = m - g. What are the prime factors of m?
7
Let s(u) = 55*u**3 - 5*u**2 + 8*u - 1. What are the prime factors of s(2)?
3, 5, 29
What are the prime factors of (2/(-2))/((-3)/5442*1)?
2, 907
Suppose 5*q - 4*h + 228 = 9*q, -5*h - 211 = -3*q. List the prime factors of q.
2, 31
Let z(b) = b**2 - 5*b - 7. Let l(a) be the first derivative of a**3/3 + a**2/2 + 8*a + 7. Let n be l(0). What are the prime factors of z(n)?
17
Let v(q) = -q**3 - 4*q**2 + 2*q - 3. Let c = 22 - 20. Suppose c*b - 7*b = 25. What are the prime factors of v(b)?
2, 3
Let i(l) = -l**3 - l**2. Let t be i(-1). Suppose -249 = -5*x + 2*h, -3*x + t*h = 3*h - 141. What are the prime factors of x?
7
Let z = 758 - -126. Suppose 695 = 2*m + m - 5*n, -4*m 